ors of 18109.
7, 13, 199
What are the prime factors of 4180?
2, 5, 11, 19
What are the prime factors of 6607?
6607
What are the prime factors of 577?
577
What are the prime factors of 2246?
2, 1123
What are the prime factors of 3737?
37, 101
What are the prime factors of 87269?
7, 13, 137
What are the prime factors of 11343?
3, 19, 199
What are the prime factors of 20603?
11, 1873
List the prime factors of 18830.
2, 5, 7, 269
What are the prime factors of 15937?
15937
List the prime factors of 8977.
47, 191
What are the prime factors of 784?
2, 7
What are the prime factors of 371?
7, 53
List the prime factors of 9809.
17, 577
What are the prime factors of 173159?
7, 29, 853
What are the prime factors of 4345?
5, 11, 79
What are the prime factors of 25331?
73, 347
List the prime factors of 1064.
2, 7, 19
What are the prime factors of 108085?
5, 21617
List the prime factors of 1279.
1279
List the prime factors of 60560.
2, 5, 757
List the prime factors of 32477.
47, 691
What are the prime factors of 2056?
2, 257
What are the prime factors of 10155?
3, 5, 677
What are the prime factors of 18828?
2, 3, 523
List the prime factors of 18860.
2, 5, 23, 41
List the prime factors of 10648.
2, 11
List the prime factors of 26153.
26153
What are the prime factors of 13849?
11, 1259
List the prime factors of 1082.
2, 541
What are the prime factors of 3853?
3853
List the prime factors of 27222.
2, 3, 13, 349
List the prime factors of 1639.
11, 149
List the prime factors of 27897.
3, 17, 547
List the prime factors of 48053.
29, 1657
What are the prime factors of 5775?
3, 5, 7, 11
List the prime factors of 1161.
3, 43
What are the prime factors of 1989?
3, 13, 17
List the prime factors of 9295.
5, 11, 13
What are the prime factors of 303?
3, 101
What are the prime factors of 17?
17
List the prime factors of 224.
2, 7
List the prime factors of 54085.
5, 29, 373
List the prime factors of 791.
7, 113
List the prime factors of 13195.
5, 7, 13, 29
What are the prime factors of 39514?
2, 23, 859
List the prime factors of 8015.
5, 7, 229
List the prime factors of 45451.
7, 43, 151
List the prime factors of 1619.
1619
What are the prime factors of 17509?
17509
List the prime factors of 75383.
7, 11, 89
What are the prime factors of 30055?
5, 6011
What are the prime factors of 222?
2, 3, 37
What are the prime factors of 8926?
2, 4463
What are the prime factors of 4395?
3, 5, 293
What are the prime factors of 582?
2, 3, 97
List the prime factors of 4341.
3, 1447
What are the prime factors of 104101?
19, 5479
What are the prime factors of 8847?
3, 983
What are the prime factors of 19642?
2, 7, 23, 61
List the prime factors of 28131.
3, 9377
What are the prime factors of 25710?
2, 3, 5, 857
What are the prime factors of 1737?
3, 193
What are the prime factors of 17245?
5, 3449
What are the prime factors of 109540?
2, 5, 5477
List the prime factors of 2214.
2, 3, 41
List the prime factors of 5249.
29, 181
List the prime factors of 252.
2, 3, 7
What are the prime factors of 352?
2, 11
What are the prime factors of 27259?
27259
What are the prime factors of 925?
5, 37
What are the prime factors of 414?
2, 3, 23
List the prime factors of 5343.
3, 13, 137
List the prime factors of 376.
2, 47
List the prime factors of 98407.
98407
List the prime factors of 13434.
2, 3, 2239
What are the prime factors of 5757?
3, 19, 101
What are the prime factors of 25082?
2, 12541
What are the prime factors of 6842?
2, 11, 311
List the prime factors of 103165.
5, 47, 439
List the prime factors of 916.
2, 229
List the prime factors of 7678.
2, 11, 349
List the prime factors of 4536.
2, 3, 7
List the prime factors of 435.
3, 5, 29
What are the prime factors of 3255?
3, 5, 7, 31
What are the prime factors of 22046?
2, 73, 151
List the prime factors of 27701.
27701
List the prime factors of 2444.
2, 13, 47
What are the prime factors of 2438?
2, 23, 53
List the prime factors of 1362.
2, 3, 227
What are the prime factors of 37?
37
What are the prime factors of 79267?
31, 2557
What are the prime factors of 1316?
2, 7, 47
What are the prime factors of 1004?
2, 251
List the prime factors of 340.
2, 5, 17
List the prime factors of 95317.
95317
List the prime factors of 5974.
2, 29, 103
What are the prime factors of 1881?
3, 11, 19
List the prime factors of 94132.
2, 101, 233
List the prime factors of 10529.
10529
What are the prime factors of 11957?
11, 1087
List the prime factors of 60218.
2, 30109
List the prime factors of 2970.
2, 3, 5, 11
What are the prime factors of 160418?
2, 80209
What are the prime factors of 51979?
59, 881
List the prime factors of 6973.
19, 367
List the prime factors of 1738.
2, 11, 79
What are the prime factors of 183811?
397, 463
List the prime factors of 252.
2, 3, 7
What are the prime factors of 1137?
3, 379
What are the prime factors of 3890?
2, 5, 389
What are the prime factors of 15316?
2, 7, 547
What are the prime factors of 10892?
2, 7, 389
List the prime factors of 565.
5, 113
List the prime factors of 4810.
2, 5, 13, 37
List the prime factors of 6398.
2, 7, 457
What are the prime factors of 49932?
2, 3, 19, 73
What are the prime factors of 37304?
2, 4663
What are the prime factors of 9378?
2, 3, 521
List the prime factors of 13722.
2, 3, 2287
List the prime factors of 216.
2, 3
What are the prime factors of 5919?
3, 1973
List the prime factors of 904.
2, 113
What are the prime factors of 991?
991
List the prime factors of 6795.
3, 5, 151
What are the prime factors of 74729?
74729
List the prime factors of 1704.
2, 3, 71
What are the prime factors of 1120?
2, 5, 7
List the prime factors of 64.
2
What are the prime factors of 15638?
2, 7, 1117
List the prime factors of 5671.
53, 107
List the prime factors of 74715.
3, 5, 17, 293
List the prime factors of 2561.
13, 197
List the prime factors of 1299.
3, 433
What are the prime factors of 615?
3, 5, 41
What are the prime factors of 1613?
1613
What are the prime factors of 3131?
31, 101
List the prime factors of 28841.
151, 191
What are the prime factors of 1676?
2, 419
List the prime factors of 6811.
7, 139
What are the prime factors of 47401?
107, 443
List the prime factors of 36750.
2, 3, 5, 7
List the prime factors of 38166.
2, 3, 6361
What are the prime factors of 1981?
7, 283
What are the prime factors of 49?
7
List the prime factors of 1208.
2, 151
What are the prime factors of 4370?
2, 5, 19, 23
What are the prime factors of 2079?
3, 7, 11
List the prime factors of 6219.
3, 691
What are the prime factors of 3309?
3, 1103
What are the prime factors of 3507?
3, 7, 167
List the prime factors of 301.
7, 43
List the prime factors of 64563.
3, 21521
What are the prime factors of 5629?
13, 433
What are the prime factors of 95607?
3, 3541
What are the prime factors of 61260?
2, 3, 5, 1021
What are the prime factors of 2751?
3, 7, 131
What are the prime factors of 35514?
2, 3, 1973
List the prime factors of 5367.
3, 1789
What are the prime factors of 203?
7, 29
List the prime factors of 85903.
85903
List the prime factors of 2979.
3, 331
What are the prime factors of 10130?
2, 5, 1013
List the prime factors of 910.
2, 5, 7, 13
What are the prime factors of 21403?
17, 1259
List the prime factors of 20215.
5, 13, 311
What are the prime factors of 1029?
3, 7
What are the prime factors of 2938?
2, 13, 113
List the prime factors of 22118.
2, 11059
List the prime factors of 7232.
2, 113
List the prime factors of 3580.
2, 5, 179
What are the prime factors of 1264?
2, 79
List the prime factors of 748.
2, 11, 17
List the prime factors of 82516.
2, 7, 421
What are the prime factors of 41396?
2, 79, 131
List the prime factors of 77358.
2, 3, 12893
What are the prime factors of 3062?
2, 1531
List the prime factors of 2031.
3, 677
List the prime factors of 6428.
2, 1607
List the prime factors of 8476.
2, 13, 163
What are the prime factors of 893?
19, 47
List the prime factors of 59057.
73, 809
List the prime factors of 22406.
2, 17, 659
What are the prime factors of 1483?
1483
What are the prime factors of 353?
353
What are the prime factors of 3794?
2, 7, 271
What are the prime factors of 843?
3, 281
List the prime factors of 103778.
2, 19, 2731
What are the prime factors of 9691?
11, 881
What are the prime factors of 21122?
2, 